61 is divided by 15?
11
What is the remainder when 23 is divided by 13?
10
What is the remainder when 275 is divided by 19?
9
Calculate the remainder when 209 is divided by 31.
23
What is the remainder when 262 is divided by 88?
86
What is the remainder when 369 is divided by 96?
81
What is the remainder when 325 is divided by 85?
70
Calculate the remainder when 914 is divided by 38.
2
Calculate the remainder when 1144 is divided by 46.
40
What is the remainder when 242 is divided by 14?
4
Calculate the remainder when 166 is divided by 14.
12
What is the remainder when 312 is divided by 34?
6
What is the remainder when 648 is divided by 46?
4
What is the remainder when 136 is divided by 30?
16
Calculate the remainder when 360 is divided by 11.
8
What is the remainder when 3624 is divided by 19?
14
Calculate the remainder when 778 is divided by 39.
37
What is the remainder when 91 is divided by 27?
10
Calculate the remainder when 355 is divided by 14.
5
Calculate the remainder when 399 is divided by 29.
22
What is the remainder when 522 is divided by 297?
225
What is the remainder when 75 is divided by 14?
5
What is the remainder when 1999 is divided by 80?
79
What is the remainder when 677 is divided by 146?
93
Calculate the remainder when 2988 is divided by 46.
44
Calculate the remainder when 323 is divided by 68.
51
Calculate the remainder when 1488 is divided by 10.
8
Calculate the remainder when 34817 is divided by 21.
20
What is the remainder when 2979 is divided by 334?
307
What is the remainder when 380 is divided by 14?
2
What is the remainder when 34 is divided by 13?
8
Calculate the remainder when 5166 is divided by 152.
150
What is the remainder when 1462 is divided by 146?
2
What is the remainder when 3264 is divided by 126?
114
What is the remainder when 718 is divided by 281?
156
What is the remainder when 512 is divided by 161?
29
Calculate the remainder when 110 is divided by 6.
2
What is the remainder when 397 is divided by 189?
19
Calculate the remainder when 289 is divided by 40.
9
Calculate the remainder when 574 is divided by 25.
24
Calculate the remainder when 578 is divided by 83.
80
What is the remainder when 126 is divided by 69?
57
Calculate the remainder when 373 is divided by 173.
27
What is the remainder when 297 is divided by 114?
69
Calculate the remainder when 1631 is divided by 42.
35
Calculate the remainder when 1055 is divided by 20.
15
What is the remainder when 447 is divided by 114?
105
Calculate the remainder when 731 is divided by 181.
7
Calculate the remainder when 21542 is divided by 38.
34
What is the remainder when 9658 is divided by 70?
68
What is the remainder when 11769 is divided by 92?
85
Calculate the remainder when 908 is divided by 131.
122
What is the remainder when 80 is divided by 17?
12
Calculate the remainder when 291 is divided by 27.
21
Calculate the remainder when 851 is divided by 49.
18
What is the remainder when 24 is divided by 14?
10
What is the remainder when 895 is divided by 95?
40
Calculate the remainder when 614 is divided by 22.
20
Calculate the remainder when 266 is divided by 27.
23
Calculate the remainder when 177 is divided by 71.
35
What is the remainder when 51 is divided by 16?
3
What is the remainder when 423 is divided by 17?
15
Calculate the remainder when 409 is divided by 1.
0
Calculate the remainder when 103 is divided by 11.
4
What is the remainder when 6239 is divided by 10?
9
What is the remainder when 22 is divided by 7?
1
What is the remainder when 34341 is divided by 72?
69
Calculate the remainder when 371 is divided by 25.
21
What is the remainder when 246 is divided by 46?
16
What is the remainder when 416 is divided by 19?
17
Calculate the remainder when 76 is divided by 5.
1
What is the remainder when 1108 is divided by 72?
28
What is the remainder when 621 is divided by 48?
45
Calculate the remainder when 3067 is divided by 33.
31
What is the remainder when 293 is divided by 286?
7
What is the remainder when 46 is divided by 5?
1
Calculate the remainder when 1934 is divided by 138.
2
Calculate the remainder when 165 is divided by 43.
36
What is the remainder when 83 is divided by 19?
7
Calculate the remainder when 205 is divided by 53.
46
Calculate the remainder when 1214 is divided by 146.
46
Calculate the remainder when 86 is divided by 18.
14
Calculate the remainder when 23678 is divided by 16.
14
What is the remainder when 4539 is divided by 3?
0
What is the remainder when 5535 is divided by 1844?
3
What is the remainder when 42 is divided by 24?
18
What is the remainder when 14617 is divided by 10?
7
Calculate the remainder when 267 is divided by 6.
3
What is the remainder when 12505 is divided by 236?
233
Calculate the remainder when 17945 is divided by 17.
10
Calculate the remainder when 7005 is divided by 12.
9
Calculate the remainder when 2368 is divided by 129.
46
Calculate the remainder when 406 is divided by 66.
10
Calculate the remainder when 318 is divided by 11.
10
Calculate the remainder when 496 is divided by 116.
32
What is the remainder when 44 is divided by 16?
12
What is the remainder when 164 is divided by 19?
12
What is the remainder when 670 is divided by 16?
14
What is the remainder when 1027 is divided by 10?
7
What is the remainder when 190 is divided by 4?
2
What is the remainder when 89 is divided by 32?
25
What is the remainder when 1430 is divided by 474?
8
Calculate the remainder when 160 is divided by 72.
16
What is the remainder when 730 is divided by 128?
90
What is the remainder when 760 is divided by 265?
230
Calculate the remainder when 72 is divided by 16.
8
What is the remainder when 1664 is divided by 20?
4
Calculate the remainder when 1015 is divided by 59.
12
What is the remainder when 110 is divided by 15?
5
Calculate the remainder when 1304 is divided by 417.
53
What is the remainder when 26 is divided by 3?
2
What is the remainder when 3446 is divided by 53?
1
Calculate the remainder when 31 is divided by 13.
5
Calculate the remainder when 126 is divided by 38.
12
What is the remainder when 1070 is divided by 153?
152
Calculate the remainder when 1090 is divided by 84.
82
Calculate the remainder when 111 is divided by 28.
27
Calculate the remainder when 131 is divided by 8.
3
Calculate the remainder when 747 is divided by 87.
51
What is the remainder when 254 is divided by 64?
62
Calculate the remainder when 779 is divided by 99.
86
Calculate the remainder when 84 is divided by 46.
38
Calculate the remainder when 41 is divided by 18.
5
Calculate the remainder when 22 is divided by 5.
2
What is the remainder when 1350 is divided by 123?
120
What is the remainder when 582 is divided by 15?
12
What is the remainder when 733 is divided by 183?
1
What is the remainder when 51 is divided by 49?
2
What is the remainder when 786 is divided by 98?
2
Calculate the remainder when 962 is divided by 52.
26
What is the remainder when 1699 is divided by 1688?
11
Calculate the remainder when 59 is divided by 15.
14
Calculate the remainder when 406 is divided by 52.
42
Calculate the remainder when 361 is divided by 28.
25
Calculate the remainder when 161 is divided by 15.
11
Calculate the remainder when 283 is divided by 89.
16
Calculate the remainder when 413 is divided by 72.
53
Calculate the remainder when 247 is divided by 31.
30
What is the remainder when 1629 is divided by 814?
1
What is the remainder when 12028 is divided by 3005?
8
What is the remainder when 9993 is divided by 102?
99
What is the remainder when 41 is divided by 7?
6
Calculate the remainder when 134 is divided by 67.
0
Calculate the remainder when 542 is divided by 107.
7
Calculate the remainder when 146 is divided by 36.
2
Calculate the remainder when 3479 is divided by 87.
86
Calculate the remainder when 59 is divided by 6.
5
Calculate the remainder when 57 is divided by 40.
17
What is the remainder when 515 is divided by 13?
8
Calculate the remainder when 185 is divided by 127.
58
Calculate the remainder when 222 is divided by 47.
34
Calculate the remainder when 348 is divided by 30.
18
What is the remainder when 421 is divided by 149?
123
Calculate the remainder when 488 is divided by 91.
33
What is the remainder when 102 is divided by 54?